{"id":329,"date":"2023-02-27T20:05:50","date_gmt":"2023-02-27T19:05:50","guid":{"rendered":"https:\/\/eliaswe.wordpress.com\/?page_id=329"},"modified":"2023-02-27T20:05:50","modified_gmt":"2023-02-27T19:05:50","slug":"ah","status":"publish","type":"page","link":"http:\/\/svgosheim.de\/SVG-wp\/ah\/","title":{"rendered":"AH"},"content":{"rendered":"\n<figure class=\"wp-block-image size-large\"><img loading=\"lazy\" decoding=\"async\" width=\"800\" height=\"336\" src=\"http:\/\/svgosheim.de\/SVG-wp\/wp-content\/uploads\/2023\/02\/ah2002.jpg?w=800\" alt=\"\" class=\"wp-image-330\" srcset=\"http:\/\/svgosheim.de\/SVG-wp\/wp-content\/uploads\/2023\/02\/ah2002.jpg 800w, http:\/\/svgosheim.de\/SVG-wp\/wp-content\/uploads\/2023\/02\/ah2002-300x126.jpg 300w, http:\/\/svgosheim.de\/SVG-wp\/wp-content\/uploads\/2023\/02\/ah2002-768x323.jpg 768w\" sizes=\"auto, (max-width: 800px) 100vw, 800px\" \/><\/figure>\n\n\n\n<p class=\"has-text-align-center has-small-font-size\">H.v.li.: Edi Mayer, Martin Klemm, Herbert Spitzl, Alfred Weber, Ignaz Mayer, Zeljko Medenica, Ralf Caputo,<br>J\u00fcrgen Weiss, Umberto Nann, Robert Amato, Gerd Pieper, Albert Hermle, Theo Schnitzer<br>V.v.li.: Ottmar Stehle, Michael Scherm, Dieter Mayer, Andy Tuschi, Klaus Hermle, Michael Zimmermann,<br>Nikola Grcic, Josef Nann, Salvatore Barbagallo<\/p>\n\n\n\n<p><\/p>\n\n\n\n<p class=\"has-small-font-size\">Mitte der 60-er Jahre wurde die Abteilung ins Leben gerufen und hat die Geschichte des Vereins entscheidend mitgepr\u00e4gt. Viele Mitglieder stehen dem Verein im Ausschuss oder als Jugendbetreuer weiterhin zu Verf\u00fcgung. Zur Zeit besteht die AH-Abteilung aus ca. 40 Mitglieder . Ehemalige Spieler, die ihre aktive Laufbahn in\u00a0 der 1. und 2. Mannschaft beendet haben, finden hier weiterhin Spa\u00df am Fu\u00dfballspiel und der Geselligkeit.<\/p>\n\n\n\n<p class=\"has-small-font-size\">Beim w\u00f6chentlichen Training halten sich die M\u00e4nner zwischen 30 und \u00fcber 60 Jahren fit. Regelm\u00e4\u00dfig werden Freundschaftsspiele bestritten. Seit Jahren nimmt die Mannschaft an der Bezirkspokalrunde des WFV teil. Dies mit gro\u00dfem Erfolg. Im Jahr 2000 und 2001 wurden die Senioren des Sportvereins Bezirkspokalsieger. In diesem Jahr nimmt die Mannschaft erstmals seit vielen Jahren wieder an der Bezirksmeister-schaft teil und hat sich einiges vorgenommen.<br>Auch in der Halle sind die \u201eAlten Herren\u201c sehr erfolgreich. Die Mann-schaft \u00fcber 40 Jahre wurde 1998 und 2002 Bezirksmeister.<\/p>\n\n\n\n<p class=\"has-small-font-size\">Seit \u00fcber 30 Jahren veranstaltet die AH-Abteilung&nbsp; ein eigenes Hallenturnier f\u00fcr Spieler ab 30 Jahren. Seit 1996 tr\u00e4gt es den Namen \u201eRudolf-Grimm-Ged\u00e4chtnisturnier\u201c. Rudolf Grimm war einer der Mitbegr\u00fcnder der AH-Abteilung und lange Jahre f\u00fcr den Verein aktiv.<\/p>\n\n\n\n<p class=\"has-small-font-size\">Doch nicht nur das runde Leder steht im Mittelpunkt der Abteilung, nein auch die Kameradschaft und Geselligkeit kommen keinesfalls zu kurz. Das Jahresprogramm ist gef\u00fcllt von Terminen, an denen auch die \u201epassiven\u201c Mitglieder ihre Freude haben.&nbsp;<br>Die AH-Abteilung ist mit ihrem Umzugswagen schon fester Bestandteil des Gosheimer Fasnet. Die Radfahrer treten an Christi Himmelfahrt 3 Tage lang in die Pedale und legen bis zu 300 km zur\u00fcck. Die Familienradtour im Juli ist zwar k\u00fcrzer, daf\u00fcr k\u00f6nnen hier alle mitradeln, was die Teilnehmerzahl von bis zu 60 Personen immer wieder beweist.<br>Seit 1986 wird j\u00e4hrlich 2 Tage gewandert und der Ausflug im September ist nicht mehr wegzudenken. Weitere kleinere Veranstaltungen, wie beispielsweise das Rehessen mit Diaabend, tragen ebenfalls dazu bei das Miteinander zu f\u00f6rdern.<\/p>\n","protected":false},"excerpt":{"rendered":"<p>H.v.li.: Edi Mayer, Martin Klemm, Herbert Spitzl, Alfred Weber, Ignaz Mayer, Zeljko Medenica, Ralf Caputo,J\u00fcrgen Weiss, Umberto Nann, Robert Amato, Gerd Pieper, Albert Hermle, Theo SchnitzerV.v.li.: Ottmar Stehle, Michael Scherm, Dieter Mayer, Andy Tuschi, Klaus Hermle, Michael Zimmermann,Nikola Grcic, Josef Nann, Salvatore Barbagallo Mitte der 60-er Jahre wurde die Abteilung ins Leben gerufen und hat [&hellip;]<\/p>\n","protected":false},"author":1,"featured_media":0,"parent":0,"menu_order":0,"comment_status":"closed","ping_status":"closed","template":"","meta":{"footnotes":""},"class_list":["post-329","page","type-page","status-publish","hentry"],"_links":{"self":[{"href":"http:\/\/svgosheim.de\/SVG-wp\/wp-json\/wp\/v2\/pages\/329","targetHints":{"allow":["GET"]}}],"collection":[{"href":"http:\/\/svgosheim.de\/SVG-wp\/wp-json\/wp\/v2\/pages"}],"about":[{"href":"http:\/\/svgosheim.de\/SVG-wp\/wp-json\/wp\/v2\/types\/page"}],"author":[{"embeddable":true,"href":"http:\/\/svgosheim.de\/SVG-wp\/wp-json\/wp\/v2\/users\/1"}],"replies":[{"embeddable":true,"href":"http:\/\/svgosheim.de\/SVG-wp\/wp-json\/wp\/v2\/comments?post=329"}],"version-history":[{"count":0,"href":"http:\/\/svgosheim.de\/SVG-wp\/wp-json\/wp\/v2\/pages\/329\/revisions"}],"wp:attachment":[{"href":"http:\/\/svgosheim.de\/SVG-wp\/wp-json\/wp\/v2\/media?parent=329"}],"curies":[{"name":"wp","href":"https:\/\/api.w.org\/{rel}","templated":true}]}}