{"id":333,"date":"2023-02-27T20:09:30","date_gmt":"2023-02-27T19:09:30","guid":{"rendered":"https:\/\/eliaswe.wordpress.com\/?page_id=333"},"modified":"2024-03-04T21:37:15","modified_gmt":"2024-03-04T21:37:15","slug":"forderverein","status":"publish","type":"page","link":"http:\/\/svgosheim.de\/SVG-wp\/forderverein\/","title":{"rendered":"F\u00f6rderverein"},"content":{"rendered":"\n<p class=\"has-small-font-size\">Warum ein F\u00f6rderverein?<\/p>\n\n\n\n<ul class=\"wp-block-list\">\n<li class=\"has-small-font-size\">nur aus der Breite kommt die Spitze<\/li>\n\n\n\n<li class=\"has-small-font-size\">wer guten Fussball im Ort fordert muss f\u00f6rdern<\/li>\n\n\n\n<li class=\"has-small-font-size\">gezielte Aktionen zur Verbesserung der Kommunikation und der Gemeinschaft<\/li>\n\n\n\n<li class=\"has-small-font-size\">zus\u00e4tzliche finanzielle Mittel erwirtschaften um gezielt die Jugendarbeit zu f\u00f6rdern.<\/li>\n\n\n\n<li class=\"has-small-font-size\">guter Fu\u00dfball ist machbar \u2013 sind Sie dabei?<\/li>\n<\/ul>\n\n\n\n<p class=\"has-small-font-size\">Welche Ziele?<br>Satzungsgem\u00e4\u00dfer Auftrag<\/p>\n\n\n\n<ul class=\"wp-block-list\">\n<li class=\"has-small-font-size\">ideelle und finanzielle F\u00f6rderung von SV Gosheim e.V.<\/li>\n\n\n\n<li class=\"has-small-font-size\">Beschaffung von Geld- und Sachspenden<\/li>\n\n\n\n<li class=\"has-small-font-size\">Veranstaltungen die der ideellen Werbung dienen<\/li>\n\n\n\n<li class=\"has-small-font-size\">zweckgebundene Weitergabe von Mittel (Geld), Trainerkosten und deren Aus- und Weiterbildung<br>Sportausr\u00fcstung und Trainingslager, Schwerpunkte der kommenden Jahre<\/li>\n\n\n\n<li class=\"has-small-font-size\">Langfristig Sportplatzsanierung \u2013 gezielter Ausbau der Einnahmen<\/li>\n\n\n\n<li class=\"has-small-font-size\">Jugendf\u00f6rderung durch verschiedene Aktionen<\/li>\n<\/ul>\n\n\n\n<p class=\"has-small-font-size\">Wer sind wir?<\/p>\n\n\n\n<ul class=\"wp-block-list\">\n<li class=\"has-small-font-size\">Von Azubi bis zum Zeitarbeiter<\/li>\n\n\n\n<li class=\"has-small-font-size\">Vom Chef bis zum Angestellten<\/li>\n\n\n\n<li class=\"has-small-font-size\">Sie sind in guter Gesellschaft?<\/li>\n<\/ul>\n\n\n\n<p class=\"has-small-font-size\"><strong>Sie wollen f\u00f6rdern?<\/strong><\/p>\n\n\n\n<p class=\"has-small-font-size\">F\u00fcllen Sie bitte das Beitrittsformular <a href=\"https:\/\/svgosheim.de\/SVG-qp\/beitrittserklrung_fv.pdf\">Beitrittserkl\u00e4rung FV<\/a> aus und senden das per Mail an <a href=\"mailto:i.mayer@svgosheim.de\">Ignaz Mayer<\/a>.<\/p>\n","protected":false},"excerpt":{"rendered":"<p>Warum ein F\u00f6rderverein? Welche Ziele?Satzungsgem\u00e4\u00dfer Auftrag Wer sind wir? Sie wollen f\u00f6rdern? F\u00fcllen Sie bitte das Beitrittsformular Beitrittserkl\u00e4rung FV aus und senden das per Mail an Ignaz Mayer.<\/p>\n","protected":false},"author":1,"featured_media":0,"parent":0,"menu_order":0,"comment_status":"closed","ping_status":"closed","template":"","meta":{"footnotes":""},"class_list":["post-333","page","type-page","status-publish","hentry"],"_links":{"self":[{"href":"http:\/\/svgosheim.de\/SVG-wp\/wp-json\/wp\/v2\/pages\/333","targetHints":{"allow":["GET"]}}],"collection":[{"href":"http:\/\/svgosheim.de\/SVG-wp\/wp-json\/wp\/v2\/pages"}],"about":[{"href":"http:\/\/svgosheim.de\/SVG-wp\/wp-json\/wp\/v2\/types\/page"}],"author":[{"embeddable":true,"href":"http:\/\/svgosheim.de\/SVG-wp\/wp-json\/wp\/v2\/users\/1"}],"replies":[{"embeddable":true,"href":"http:\/\/svgosheim.de\/SVG-wp\/wp-json\/wp\/v2\/comments?post=333"}],"version-history":[{"count":1,"href":"http:\/\/svgosheim.de\/SVG-wp\/wp-json\/wp\/v2\/pages\/333\/revisions"}],"predecessor-version":[{"id":662,"href":"http:\/\/svgosheim.de\/SVG-wp\/wp-json\/wp\/v2\/pages\/333\/revisions\/662"}],"wp:attachment":[{"href":"http:\/\/svgosheim.de\/SVG-wp\/wp-json\/wp\/v2\/media?parent=333"}],"curies":[{"name":"wp","href":"https:\/\/api.w.org\/{rel}","templated":true}]}}

Förderverein

<p class="has-small-font-size">Warum ein Förderverein?</p>



<ul class="wp-block-list">
<li class="has-small-font-size">nur aus der Breite kommt die Spitze</li>



<li class="has-small-font-size">wer guten Fussball im Ort fordert muss fördern</li>



<li class="has-small-font-size">gezielte Aktionen zur Verbesserung der Kommunikation und der Gemeinschaft</li>



<li class="has-small-font-size">zusätzliche finanzielle Mittel erwirtschaften um gezielt die Jugendarbeit zu fördern.</li>



<li class="has-small-font-size">guter Fußball ist machbar – sind Sie dabei?</li>
</ul>



<p class="has-small-font-size">Welche Ziele?<br>Satzungsgemäßer Auftrag</p>



<ul class="wp-block-list">
<li class="has-small-font-size">ideelle und finanzielle Förderung von SV Gosheim e.V.</li>



<li class="has-small-font-size">Beschaffung von Geld- und Sachspenden</li>



<li class="has-small-font-size">Veranstaltungen die der ideellen Werbung dienen</li>



<li class="has-small-font-size">zweckgebundene Weitergabe von Mittel (Geld), Trainerkosten und deren Aus- und Weiterbildung<br>Sportausrüstung und Trainingslager, Schwerpunkte der kommenden Jahre</li>



<li class="has-small-font-size">Langfristig Sportplatzsanierung – gezielter Ausbau der Einnahmen</li>



<li class="has-small-font-size">Jugendförderung durch verschiedene Aktionen</li>
</ul>



<p class="has-small-font-size">Wer sind wir?</p>



<ul class="wp-block-list">
<li class="has-small-font-size">Von Azubi bis zum Zeitarbeiter</li>



<li class="has-small-font-size">Vom Chef bis zum Angestellten</li>



<li class="has-small-font-size">Sie sind in guter Gesellschaft?</li>
</ul>



<p class="has-small-font-size"><strong>Sie wollen fördern?</strong></p>



<p class="has-small-font-size">Füllen Sie bitte das Beitrittsformular <a href="https://svgosheim.de/SVG-qp/beitrittserklrung_fv.pdf">Beitrittserklärung FV</a> aus und senden das per Mail an <a href="mailto:i.mayer@svgosheim.de">Ignaz Mayer</a>.</p>

<p>Warum ein Förderverein? Welche Ziele?Satzungsgemäßer Auftrag Wer sind wir? Sie wollen fördern? Füllen Sie bitte das Beitrittsformular Beitrittserklärung FV aus und senden das per Mail an Ignaz Mayer.</p>
