{"id":368,"date":"2023-02-27T22:16:25","date_gmt":"2023-02-27T21:16:25","guid":{"rendered":"https:\/\/eliaswe.wordpress.com\/?page_id=368"},"modified":"2026-03-11T18:36:00","modified_gmt":"2026-03-11T18:36:00","slug":"impressum","status":"publish","type":"page","link":"http:\/\/svgosheim.de\/SVG-wp\/impressum\/","title":{"rendered":"Impressum"},"content":{"rendered":"\n<p class=\"has-small-font-size\">Sportverein Gosheim 1927 e.V.<br>im Weiher 4<br>78559 Gosheim<\/p>\n\n\n\n<p class=\"has-small-font-size\">Vertretungsberechtigter Vorstand:<br>Frank Wochner (Vorsitzender)<br>Registergericht: Amtsgericht Stuttgart, Registergericht, Gesch\u00e4ftsnummer: VR 460074<br>E-Mail:&nbsp;<a href=\"mailto:vorstand@svgosheim.de\">vorstand@svgosheim.de<\/a><br><br>Internet:&nbsp;<a href=\"http:\/\/www.svgosheim.de\/\">www.svgosheim.de<\/a><br>E-Mail:&nbsp;<a href=\"mailto:webmaster@svgosheim.de\">webmaster@svgosheim.de<\/a><\/p>\n\n\n\n<p class=\"has-small-font-size\">Allgemeine Datenschutzerkl\u00e4rung<\/p>\n\n\n\n<p class=\"has-small-font-size\">Durch die Nutzung unserer Website erkl\u00e4ren Sie sich mit der Erhebung, Verarbeitung und Nutzung von Daten gem\u00e4\u00df der nachfolgenden Beschreibung einverstanden. Unsere<br>Website kann grunds\u00e4tzlich ohne Registrierung besucht werden. Dabei werden Daten wie beispielsweise aufgerufene Seiten bzw. Namen der abgerufenen Datei, Datum und<br>Uhrzeit zu statistischen Zwecken auf dem Server gespeichert, ohne dass diese Daten unmittelbar auf Ihre Person bezogen werden. Personenbezogene Daten, insbesondere<br>Name, Adresse oder E-Mail-Adresse werden soweit m\u00f6glich auf freiwilliger Basis erhoben. Ohne Ihre Einwilligung erfolgt keine Weitergabe der Daten an Dritte.<\/p>\n\n\n\n<p class=\"has-small-font-size\"><strong>Haftung f\u00fcr Links<\/strong><br>Unser&nbsp;Angebot enth\u00e4lt Links zu externen Webseiten Dritter, auf deren Inhalte wir&nbsp;keinen Einfluss haben. Deshalb k\u00f6nnen wir f\u00fcr diese fremden Inhalte auch keine&nbsp;Gew\u00e4hr \u00fcbernehmen. F\u00fcr die Inhalte der verlinkten Seiten ist stets der jeweilige&nbsp;Anbieter oder Betreiber der Seiten verantwortlich. Die verlinkten Seiten wurden&nbsp;zum Zeitpunkt der Verlinkung auf m\u00f6gliche Rechtsverst\u00f6\u00dfe \u00fcberpr\u00fcft.&nbsp;Rechtswidrige Inhalte waren zum Zeitpunkt der Verlinkung nicht erkennbar. Eine&nbsp;permanente inhaltliche Kontrolle der verlinkten Seiten ist jedoch ohne konkrete&nbsp;Anhaltspunkte einer Rechtsverletzung nicht zumutbar. Bei bekannt werden von&nbsp;Rechtsverletzungen werden wir derartige Links umgehend entfernen.&nbsp;<\/p>\n\n\n\n<p class=\"has-small-font-size\"><strong>Urheberrecht<\/strong><br>Die Betreiber der Seiten sind&nbsp;bem\u00fcht, stets die Urheberrechte anderer zu beachten bzw. auf selbst erstellte&nbsp;sowie lizenzfreie Werke zur\u00fcckzugreifen.<br><br>Die durch die Seitenbetreiber&nbsp;erstellten Inhalte und Werke auf diesen Seiten unterliegen dem deutschen&nbsp;Urheberrecht. Beitr\u00e4ge Dritter sind als solche gekennzeichnet. Die&nbsp;Vervielf\u00e4ltigung, Bearbeitung, Verbreitung und jede Art der Verwertung au\u00dferhalb&nbsp;der Grenzen des Urheberrechtes bed\u00fcrfen der schriftlichen Zustimmung des&nbsp;jeweiligen Autors bzw. Erstellers. Downloads und Kopien dieser Seite sind nur&nbsp;f\u00fcr den privaten, nicht kommerziellen Gebrauch gestattet.&nbsp;<\/p>\n\n\n\n<p class=\"has-small-font-size\"><strong>Datenschutz<\/strong><br>Soweit auf unseren Seiten&nbsp;personenbezogene Daten (beispielsweise Name, Anschrift oder eMail-Adressen)&nbsp;erhoben werden, erfolgt dies soweit m\u00f6glich stets auf freiwilliger Basis. Die&nbsp;Nutzung der Angebote und Dienste ist, soweit m\u00f6glich, stets ohne Angabe&nbsp;personenbezogener Daten m\u00f6glich.<br><br>Der Nutzung von im Rahmen der&nbsp;Impressumspflicht ver\u00f6ffentlichten Kontaktdaten durch Dritte zur \u00dcbersendung von&nbsp;nicht ausdr\u00fccklich angeforderter Werbung und Informationsmaterialien wird&nbsp;hiermit ausdr\u00fccklich widersprochen. Die Betreiber der Seiten behalten sich&nbsp;ausdr\u00fccklich rechtliche Schritte im Falle der unverlangten Zusendung von&nbsp;Werbeinformationen, etwa durch Spam-Mails, vor.<br><\/p>\n","protected":false},"excerpt":{"rendered":"<p>Sportverein Gosheim 1927 e.V.im Weiher 478559 Gosheim Vertretungsberechtigter Vorstand:Frank Wochner (Vorsitzender)Registergericht: Amtsgericht Stuttgart, Registergericht, Gesch\u00e4ftsnummer: VR 460074E-Mail:&nbsp;vorstand@svgosheim.de Internet:&nbsp;www.svgosheim.deE-Mail:&nbsp;webmaster@svgosheim.de Allgemeine Datenschutzerkl\u00e4rung Durch die Nutzung unserer Website erkl\u00e4ren Sie sich mit der Erhebung, Verarbeitung und Nutzung von Daten gem\u00e4\u00df der nachfolgenden Beschreibung einverstanden. UnsereWebsite kann grunds\u00e4tzlich ohne Registrierung besucht werden. Dabei werden Daten wie beispielsweise aufgerufene Seiten [&hellip;]<\/p>\n","protected":false},"author":1,"featured_media":0,"parent":0,"menu_order":0,"comment_status":"closed","ping_status":"closed","template":"","meta":{"footnotes":""},"class_list":["post-368","page","type-page","status-publish","hentry"],"_links":{"self":[{"href":"http:\/\/svgosheim.de\/SVG-wp\/wp-json\/wp\/v2\/pages\/368","targetHints":{"allow":["GET"]}}],"collection":[{"href":"http:\/\/svgosheim.de\/SVG-wp\/wp-json\/wp\/v2\/pages"}],"about":[{"href":"http:\/\/svgosheim.de\/SVG-wp\/wp-json\/wp\/v2\/types\/page"}],"author":[{"embeddable":true,"href":"http:\/\/svgosheim.de\/SVG-wp\/wp-json\/wp\/v2\/users\/1"}],"replies":[{"embeddable":true,"href":"http:\/\/svgosheim.de\/SVG-wp\/wp-json\/wp\/v2\/comments?post=368"}],"version-history":[{"count":4,"href":"http:\/\/svgosheim.de\/SVG-wp\/wp-json\/wp\/v2\/pages\/368\/revisions"}],"predecessor-version":[{"id":925,"href":"http:\/\/svgosheim.de\/SVG-wp\/wp-json\/wp\/v2\/pages\/368\/revisions\/925"}],"wp:attachment":[{"href":"http:\/\/svgosheim.de\/SVG-wp\/wp-json\/wp\/v2\/media?parent=368"}],"curies":[{"name":"wp","href":"https:\/\/api.w.org\/{rel}","templated":true}]}}